n h is divided by 163?
26
Let k = 324 - 351. Calculate the remainder when 1/(1/(-5))*k/5 is divided by 16.
11
Suppose 11*y - 2484 + 702 = 0. Calculate the remainder when y is divided by 39.
6
Suppose 299*j - 293*j + 4428 = 0. Let s = -729 - j. What is the remainder when 132 is divided by s?
6
Suppose -2*x = 5*b - 9, b - 35 = 5*x - 125. Let g = -10604 - -10722. Calculate the remainder when g is divided by x.
16
Suppose 0 = -322*c + 5798 - 195 + 193. Calculate the remainder when 3032 is divided by c.
8
Let u = 1474 - 835. What is the remainder when u is divided by 138?
87
Let h(v) = 2*v**3 + 2*v**2 - 3*v + 1. Let d be h(2). What is the remainder when 63 is divided by (d + -2 - 6/3) + -4?
8
Suppose -1643 = -13*o - 297 - 72. Calculate the remainder when 593 is divided by o.
5
Let y(c) = c**2 + 9*c + 13. Let z be y(-7). Let o be z/(-3) - (0 + (-164)/3). Let n = -37 + o. Calculate the remainder when n is divided by 5.
3
Suppose -522*s - 189744 = -758*s. Calculate the remainder when s is divided by 245.
69
Suppose -5*s = -3*q - 166, -61 = -q - 68. Let y = 4 - -4. Calculate the remainder when 2/(-4) + 684/y is divided by s.
27
What is the remainder when 142 + 12/(7 + (-55)/10) is divided by 3?
0
Let h = -2857 + 3117. What is the remainder when h is divided by (-5 - (-3)/2)/(2/(-44))?
29
Let x = -30928 + 30934. What is the remainder when 12296 is divided by x?
2
Suppose -48 = 11*q - 125. Let t = 23 - q. What is the remainder when 95 is divided by t?
15
Let s be ((-855)/75)/(2/30). What is the remainder when (10/5 - s) + 0 is divided by 29?
28
Suppose -12*u + 888 = -4*u. Let v(r) = -4*r. Calculate the remainder when u is divided by v(-8).
15
Suppose 94 + 406 = 5*d + 2*l, -4*d = 4*l - 400. Let c = d + -48. Suppose 0 = -q + 5*q - 44. What is the remainder when c is divided by q?
8
Calculate the remainder when ((-1575)/675)/((-14)/21858) is divided by 135.
133
Let v(d) = d**2 - d + 1. Let y(f) = -3*f**2 - 12*f + 38. Let m(h) = 2*v(h) + y(h). Let u = 62 + -33. What is the remainder when u is divided by m(-16)?
5
Let i(j) = -j**3 + 3*j**2 - 1. Let z(s) = -20*s**3 - 8*s**2 + 3. Let u(a) = 2*i(a) + z(a). What is the remainder when 103 is divided by u(-1)?
19
Let g(h) = h + 2. Let s(k) = -k**2 - 193*k - 2819. Calculate the remainder when s(-17) is divided by g(6).
5
Suppose -4657 = -5*c - q, -c + 929 = 4*q - 3*q. What is the remainder when c is divided by 39?
35
What is the remainder when 64 is divided by (-13)/((-154)/66 + 2)?
25
Let h = 747 + -633. Suppose -15 = -3*s - 109*t + h*t, 3*s = -2*t + 15. Calculate the remainder when 102 is divided by s.
2
Let b = -14230 - -14298. What is the remainder when 4894 is divided by b?
66
Calculate the remainder when 276 is divided by (-4 - 7) + (-15)/(-3) - (-152)/2.
66
Let z = 551 - 515. Let g be 6 + 3 + (-1 - 2). What is the remainder when z is divided by g/(-21) - 144/(-14)?
6
Suppose 17622*k - 8604 = 17604*k. Calculate the remainder when k is divided by 474.
4
Suppose 0 = -5*c + 21 + 49. Suppose 0 = -9*o - 7*o + 816 - 0. What is the remainder when o is divided by c?
9
Let r(y) = -3*y - 36. Let c be r(-13). Suppose 5*b - c*b = 1596. Calculate the remainder when (1/3)/(((-4)/b)/(-2)) is divided by 27.
25
Let p be (3/1 - 2/(-2)) + -1. Suppose k + 19 = -5*d + 81, 0 = -p*k + 3*d + 150. What is the remainder when k is divided by 7?
3
Let k(q) = 17*q - 194. Let s be k(10). Let a = s + 65. Calculate the remainder when 409 is divided by a.
40
Let o = 65 + -93. Let l = -15 - o. Suppose 5*k + 6*z - 123 = 2*z, k - l = 5*z. Calculate the remainder when 68 is divided by k.
22
Let l = -4877 + 4879. Let m = -17 + 11. Calculate the remainder when 62 - 11 - m/l is divided by 14.
12
Let f(s) = 18*s + 553. What is the remainder when f(-19) is divided by 85?
41
Let f be -4*(-3 + -13 + 0). Let j = f - 35. Let k = j - 0. What is the remainder when k is divided by 10?
9
Let w = -583 - -668. Suppose -83*s - 120 = -w*s. Suppose 0 = 2*q - 287 + 53. What is the remainder when q is divided by s?
57
Let k(h) be the second derivative of 3*h**3/2 - 83*h**2/2 - 4*h. What is the remainder when k(12) is divided by 8?
1
Suppose -o - g + 48 = 0, 19*g - 17*g = 0. Calculate the remainder when 714 is divided by o.
42
Let x(l) = 2*l + 32. Let w be x(-14). Suppose -w*f - 3 = -63. Let q = 46 + -19. Calculate the remainder when q is divided by f.
12
Let g = -223 - -267. Calculate the remainder when 138 is divided by 5/(110/4) + 1576/g.
30
Let b be (3 - (3 - (0 - -1))) + -3. Let w be (-8)/(1/1)*b/4. Let m(q) = 11*q - 21. Calculate the remainder when 44 is divided by m(w).
21
Let u = 87 + -75. Calculate the remainder when 124 is divided by (126/(-24))/((-1)/u).
61
Let n be 237 - (7 - 16)*1. Let x = -190 + n. Calculate the remainder when x is divided by -1 + 1 - -15 - -1.
8
What is the remainder when (8272/24)/(11/33) - 0 is divided by 360?
314
Suppose 5 = -2*a - 7. Suppose -8*t = 59 - 155. Calculate the remainder when 6*29*(-2)/a is divided by t.
10
Let y = -331 - -334. Suppose -h = y*n - 214, -2*h - 352 = -5*n + h. Calculate the remainder when 353 is divided by n.
69
Let d(r) = 4*r - 5. Let x = -620 + 637. What is the remainder when d(7) is divided by x?
6
Let n(k) = 10 - 29*k**2 + 12*k**2 - 14*k + 19*k**2. Let s be n(7). What is the remainder when 52 is divided by 344/19 + s/(-95)?
16
Let h = 145 - -111. Suppose -266*a + h*a = -120. Calculate the remainder when 153 is divided by a.
9
Let j = 18283 + -18279. Suppose -b = -5*p - 2*b + 10, 0 = -4*p + 4*b + 8. Calculate the remainder when j is divided by p.
0
Suppose 3 = -3*k, c + 4*k = -4*c + 106. What is the remainder when c is divided by 22/12*(-54)/45*-5?
0
Suppose 0 = 28*a + 23*a - 13*a - 2356. Calculate the remainder when 1/(-5) + (-336)/(-5) is divided by a.
5
Let k(z) = 9*z**3 - 6*z + 44. What is the remainder when k(7) is divided by 15?
14
Suppose -3*m - 3*q = 2*m - 1365, -3*m - 4*q + 830 = 0. Calculate the remainder when (-616)/(-231)*m/8 is divided by 24.
18
Suppose -23*i + 438 = 481 - 595. Calculate the remainder when 12/42 - (-572)/7 is divided by i.
10
Let x(t) = -482*t + 3560. Calculate the remainder when 742 is divided by x(7).
184
Let i(p) = -10*p + 58. Let l(s) = 20*s - 119. Let u(d) = 10*i(d) + 6*l(d). What is the remainder when 121 is divided by u(9)?
29
Let j(p) = -108*p + 504. Let m be j(6). What is the remainder when m/648 + 3748/18 is divided by (-6)/15 + 354/10?
33
Let h = 357 - 171. Suppose h*d - 170*d - 864 = 0. Calculate the remainder when 699 is divided by d.
51
Suppose -5*s = -2*y + 327, s - 337 = -2*y + 4*s. Let i = y + -26. Calculate the remainder when i is divided by 19.
17
Let d(p) = -p**3 - 9*p**2 + 20*p - 13. Let t be d(-11). Suppose 3*r = -t*r + 480. Calculate the remainder when 135 is divided by r.
15
Let s(z) = 2*z**3 - 8*z**2 - 24*z + 4. What is the remainder when -3*((-56)/6 + 3) is divided by s(6)?
3
Let a(s) be the second derivative of -s**4/12 + s**3/3 + 15*s**2 + 2*s - 3. Suppose 99 = 4*d + 11. Calculate the remainder when d is divided by a(6).
4
Suppose -17*t + 185 + 461 = 0. Calculate the remainder when t is divided by 13.
12
What is the remainder when -1 + 10/12 + (-5125)/(-150) is divided by (-22)/22 - (-1 + -7)?
6
Let r be -5 + 10*15/25. What is the remainder when 90 is divided by r/((-9)/936*-8)?
12
Let v = -14743 + 14781. Calculate the remainder when 2507 is divided by v.
37
Suppose 36*c - 6408 + 10915 = 80683. What is the remainder when c is divided by 101?
96
Calculate the remainder when 0 - (-756 - 0) - (11 + (-4 - 14)) is divided by 17.
15
Suppose 0 = -36*k + 9*k + 10179. Let m = k + -235. What is the remainder when m is divided by 13?
12
Suppose 495 = -y - 5*l + 532, 4*l - 177 = -3*y. Calculate the remainder when 2745 is divided by y.
65
Let j = 448 - 90. What is the remainder when j is divided by 40?
38
Let d(n) = -n**2 + 23*n + 4. Let b(s) = s + 1. Let f(w) = -6*b(w) + d(w). Let m = -18 - -32. What is the remainder when f(m) is divided by 14?
12
Suppose -5*w - 7*y = -9*y - 1359, 3*w - 801 = 6*y. What is the remainder when 844 is divided by w?
25
Let m(p) = -13*p - 83. What is the remainder when 3173 is divided by m(-7)?
5
Let s(p) = 3*p**3 + 39*p**2 + p - 11. Let c be s(-9). Suppose 21*f = 17*f + c. What is the remainder when f is divided by 60?
58
Sup